a) = a**3 - 7*a**2 - 2*a + 4. Let j be (2/10)/(1/85). Let x = j - -26. Suppose -5*t + x = 8. Calculate y(t).
-10
Let k(o) = 64*o**2 + 5*o**3 + 0*o**3 - 35*o**2 - 6*o**3 - 33*o**2 - 20 - 4*o. Give k(-4).
-4
Let o(r) = 46*r**2 + 4*r + 63. Let p(h) = 54*h**2 + 3*h + 70. Let a(s) = -7*o(s) + 6*p(s). Give a(6).
-9
Let l = -285 - -315. Suppose 7*s + l + 33 = 0. Let h(g) = -g**3 - 9*g**2 + g + 12. Determine h(s).
3
Let x(a) = -20*a - 131. Let z(j) = j**2 + 347*j + 12271. Let g be z(-40). Determine x(g).
49
Let f(t) = -5*t**3 + 6*t**2 + t - 22. Let s(j) be the first derivative of -45 - j + 1/3*j**3 - 1/4*j**4 + 0*j**2. Let m(y) = -f(y) + 6*s(y). Calculate m(0).
16
Let p(v) = 2*v + 1 + v**3 + 2*v**3 + v**2 - 11*v**3 - 12*v**3. Let f be ((-8)/(-3))/(1352/(-507)). Give p(f).
20
Let j(a) be the second derivative of a**5/20 - a**4/4 + a**3/3 + 33*a**2/2 - 1336*a - 1. Give j(0).
33
Let n(r) = -2*r**2 + 9*r + 4. Let d be (8/16)/(16/(-80) - 17/(-60)). Calculate n(d).
-14
Suppose -25 = 4*y - 5*f, -f = -5*y - 6*f + 25. Let q(o) = 319 + y*o - 320 + o. What is q(2)?
1
Let p(u) = 4*u**3 + 6*u**2 - 13*u - 34. Let l(k) = 9*k**3 + 11*k**2 - 26*k - 68. Let v(q) = -3*l(q) + 7*p(q). Determine v(-10).
-4
Let y = -10 - -6. Let g be -1 - 1/(7/(-21)). Let w(z) = z**g + 29*z + 2 + 26*z + 0 - 53*z. Give w(y).
10
Let p(o) be the first derivative of 2*o**3/3 - 2*o**2 + 2*o - 3181. Give p(0).
2
Let r(h) = -h**3 + 7*h**2 - 11*h + 17. Let v be (-1 - 0)/(-2 + 11/6). Determine r(v).
-13
Let r(c) = 5 - 3 + 1 - c. Let o = 307 - 292. Suppose -6*n - 72 = -o*n. Determine r(n).
-5
Let l(a) = 2*a - 4 - 3*a**2 - 2*a**2 + 6 - a**3 - a. Let i be l(-5). Let k be 40/(-18) + i - (-4)/18. Let u(v) = v**3 + 6*v**2 + 3*v. Give u(k).
10
Let h be (3/(-21)*0)/(13 + -12). Let q(p) be the third derivative of 0*p - 25*p**2 + 1/60*p**5 + 1/8*p**4 + 5/6*p**3 + h. Determine q(-4).
9
Let r(q) = q - 2. Let j(w) = -14*w + 75. Let c be 1*((-36)/(-48))/((-9)/(-60)). Let y be j(c). What is r(y)?
3
Let c(n) be the first derivative of 10*n + 9/2*n**2 - 20 + 1/3*n**3. Calculate c(-7).
-4
Suppose 0 = -0*b + 2*b - 72. Let j(o) = b*o + 31*o - 1 - 101*o + 35*o. Let z(t) = t**2 + 10*t + 10. Let m be z(-8). Determine j(m).
-7
Let f(d) = d - 22. Let n be (2 + (-3)/3)*(324 - -4). Let j = n - 314. Determine f(j).
-8
Suppose f - 5*f = -h + 15, -9 = -5*h - 2*f. Suppose 62 = h*i + 89. Let r(u) = u**2 + 7*u + 11. Determine r(i).
29
Let g(c) be the second derivative of -1/12*c**4 - 2/3*c**3 + 0 + 247*c + 23/2*c**2. Give g(-7).
2
Let n(g) = 352*g**3 - 19*g**2 - 245*g + 70 + 263*g + 7*g**2 - 353*g**3. Determine n(-13).
5
Suppose -30*t + 15 = 195. Let s(x) = -3*x + 5. Calculate s(t).
23
Let y(a) = a**3 + 7*a**2 + 7*a + 7. Let m be 968/(-40) + (-2)/(-10). Let p be ((-50)/3)/((-8)/m). Let n = 45 + p. Give y(n).
22
Let f(l) = -3*l**2 - 3*l**2 + 1290*l - 4 - 2*l**3 + l**3 - 1274*l. What is f(-8)?
-4
Let l(r) = -r**3 + r**2 - 5. Let k(d) = d**3 - 7*d**2 + 13*d + 1. Let u be k(5). Let j = u - 6. Suppose -t + 8*t = -j*t. What is l(t)?
-5
Let j(f) = f**3 + 6*f**2 - 8*f - 11. Suppose 264*z - 209 = -1529. What is j(z)?
54
Suppose 4*d - 6*d - b + 8 = 0, -5*d = -3*b + 2. Suppose -4*v = 6 - d. Let o(s) = 129*s + 33. Let k(c) = 8*c + 2. Let a(q) = -33*k(q) + 2*o(q). Give a(v).
6
Let d(q) = q. Let x(u) = -2*u + 1. Let w(s) = -2*d(s) + x(s). Suppose 0*p = a - 5*p + 13, 4*a = -4*p + 20. What is w(a)?
-7
Let p(d) = 2*d**2 + 33*d - 59. Let g(f) = -5*f**2 - 98*f + 178. Let v(q) = 3*g(q) + 8*p(q). Let j be v(28). Let r(n) = n**2 - 9*n + 8. Determine r(j).
-10
Let x(b) = -483*b**2 + 17 + 120*b**2 + 4*b + 123*b**2 + 120*b**2 + 121*b**2. Give x(-6).
29
Let s(x) be the second derivative of x**6/360 + x**5/10 - x**4/24 + 83*x**3/6 + 115*x. Let o(k) be the second derivative of s(k). Calculate o(-13).
12
Suppose 42 = 4*x + 2*x. Let t(r) = r**2 - 6 + x + 5*r - 10. Determine t(-7).
5
Let a(h) = -637 - 2*h - h**2 + 645 - 2*h - 2*h. Calculate a(2).
-8
Let t(j) = -2*j**2 + 18*j - 9. Let q be t(8). Let c be 7/((-245)/(-25))*q. Let r(o) = 2*o**2 - 6*o. Determine r(c).
20
Let h(p) = -p**3 - 32*p**2 - 60*p + 2. Let d be h(-30). Let i(u) = 8 + 118*u - 59*u + u**d - 66*u. Calculate i(5).
-2
Let y(z) be the third derivative of -z**4/12 + 3*z**3/2 - 372*z**2 + 1. Calculate y(4).
1
Suppose -k - 2*k = 0. Let o(c) = -c + 4 - c + k. Let h(a) = a**2 - 383*a - 1162. Let b be h(-3). Determine o(b).
12
Let x(t) = t + 20. Let w be 11/33*3*13. Suppose 0 = -w*j - 92 - 103. Give x(j).
5
Let v(z) be the third derivative of z**6/120 - 7*z**5/30 + z**4/24 - 23*z**3/6 + 5*z**2 - 7. Determine v(14).
-9
Suppose -9*k - 3312 = 9*k. Let y = -190 - k. Let x(z) = -z**3 + 2 + 2*z + 5*z - 5*z**2 + 0*z**3. Give x(y).
-4
Let s(w) = w**2 + w - 5. Let p = -177 - -196. Suppose 0 = -i + p*i. Determine s(i).
-5
Let z(b) = b**2 + 13*b + 16. Suppose 0 = 2*y - 2*v + 30, v + 21 = -y + 4*v. Let h be z(y). Let f(t) = 0*t - 3*t + h*t + t**2 + 0*t. Determine f(1).
2
Let h be (16 - 37) + 272/16. Let t(l) = -42*l - 141. Determine t(h).
27
Let c(d) = -4*d**3 - 3*d**2 - 40*d + 5. Let x(b) = 5*b**3 + b**2 + 42*b - 4. Let y(z) = 6*c(z) + 5*x(z). Calculate y(15).
10
Suppose -7*g = -169 - 55. Let x = 38 - g. Let n(h) = -12*h - 15*h + x + 28*h. Calculate n(-5).
1
Suppose 4*g + 0 = 4*m + 8, m = -g - 4. Let k(f) be the second derivative of -3*f**4/8 + f**2 + f. Let h(w) be the first derivative of k(w). Calculate h(g).
9
Let m = -5 + 2. Let z(d) = -114*d**2 + 3*d - 6. Let t(h) = -137*h**2 + 3*h - 8. Let b(p) = -5*t(p) + 6*z(p). Determine b(m).
4
Suppose 2 - 22 = 4*y. Let m(k) be the first derivative of -1/4*k**4 + 5/2*k**2 - 16 - 7*k - 4/3*k**3. Calculate m(y).
-7
Suppose 3*w - w = 2. Let d be (-4)/(108/(-51)) - (-12)/108. Suppose d*k - 13 = w. Let i(n) = 2*n - 9. Give i(k).
5
Let q(n) = 2*n**2 - 6*n + 5. Let v(a) = -a**2 + 3*a - 1. Let i(t) = -q(t) - 3*v(t). Give i(-2).
8
Let l be (2/(1 - -7) - 86/(-8)) + -6. Let q(n) = -n**3 + 8*n**2 - 2*n - 17. Calculate q(l).
48
Let c(m) = 3*m + 2*m - 4*m + 1. Let p(n) = 45*n + 223. Let h(z) = 11*z + 57. Let d(v) = -9*h(v) + 2*p(v). Let y be d(-7). Calculate c(y).
-3
Let m(a) = 665*a + 28 + 656*a - 1323*a. Give m(8).
12
Let i = 166 + -164. Let a(l) = i*l - 4*l + 1 - 13*l**3 + 23*l**3 + l**2 - 21*l**3. Give a(1).
-11
Let v(g) = 2*g**3 + 1. Let m be v(1). Let t(i) = 0 + 2 - 2*i + m - 2*i**2. Suppose 32*y = 21*y - 44. Calculate t(y).
-19
Let o(b) be the third derivative of 0*b**3 + 0*b - b**2 + 1/12*b**4 + 6. Give o(5).
10
Suppose y + y = -4*f - 2, 4*y + 2*f = -4. Let j(n) be the third derivative of 17*n**5/30 - n**3/6 + 14773*n**2. Give j(y).
33
Suppose p = -2, 5*i = 7*i - 3*p - 14. Let h(s) = -3*s - 6*s + i + 16*s - 8*s. Give h(7).
-3
Let a(t) be the third derivative of t**6/180 + t**5/120 - 19*t**4/3 + 133*t**2. Let v(s) be the second derivative of a(s). What is v(1)?
5
Let r be -3*(1/(-2))/(27/90). Let y(c) = c**3 - 5*c**2 - 11. What is y(r)?
-11
Let g(y) = 4*y**3 - y**2 - 2*y - 1. Let z be (-4)/((-8)/6) - 85. Let l be (-693)/308*72/2. Let a = z - l. Determine g(a).
-4
Let k(v) be the second derivative of 346 - 7*v + 36*v + v**2 + 13*v + v**3 - 346. What is k(-1)?
-4
Suppose q + 1 = 0, 0 = -f - 3*q + 7*q - 26. Let t = f + 30. Suppose -4*v + 5*w = 1, -5*v + 10 = -4*w - t. Let m(o) = -2*o - 1. Calculate m(v).
-13
Suppose 2*o + 0*o - l + 18 = 0, -5*o = 4*l + 32. Let n be 5/(-10)*(-48)/o. Let r(v) = v. Determine r(n).
-3
Let j be 4*(-6 + (-11)/(-2)). Let t be 9/2 + j - 380/40. Let g(o) = -o**2 - 8*o - 2. Give g(t).
5
Let p(w) = -12694 - 12685 - w**2 - 12*w + 25366. What is p(-6)?
23
Let i(b) = 29*b**2 + 37*b - 13. Let p(m) = 13*m**2 + 19*m - 6. Let x(t) = 4*i(t) - 9*p(t). Calculate x(-23).
2
Let c(o) = 2*o**2 - o**3 - 39 + 14*o**2 + 59*o - 46*o - 7*o**2 + 2. Determine c(10).
-7
Suppose -690 = -67*r - 2633. Let v(h) = 2*h**2 + 56*h - 64. Calculate v(r).
-6
Let u(z) = -12*z**2 + 2*z - 5. Let a(p) = 11*p**2 - 2*p + 6. Let n(v) = -4*a(v) - 5*u(v). Suppose 0*l = 5*l - 5. Calculate n(l).
15
Suppose -4*d + 12 + 8 = 0. Suppose 4*f + 2 = 14, -14 = d*h + 2*f. Let o(g) = -41*g + 1. Let y(u) = 101*u - 2. Let v(x) = 5*o(x) + 2*y(x). Determine v(h).
13
Let a(m) be the third derivative of -m**6/120 - m**5/6 + 7*m**4/12 + 5*m**3/2 + m**2. Suppose 15587 = 17*k + 15774. Give a(k).
-18
Let o(j) = -6*j**